s the units digit of 207854386?
6
What is the ten millions digit of 49060614?
4
What is the hundreds digit of 107620435?
4
What is the tens digit of 519873388?
8
What is the ten thousands digit of 100796387?
9
What is the millions digit of 922635526?
2
What is the hundreds digit of 3194343?
3
What is the thousands digit of 2691231672?
1
What is the hundreds digit of 21849749?
7
What is the ten millions digit of 46456375?
4
What is the units digit of 47898113?
3
What is the millions digit of 166465195?
6
What is the units digit of 36895503?
3
What is the hundred millions digit of 2000023225?
0
What is the tens digit of 36662918?
1
What is the ten millions digit of 4019713526?
1
What is the hundred thousands digit of 223990136?
9
What is the tens digit of 265526117?
1
What is the tens digit of 5896850507?
0
What is the tens digit of 180454430?
3
What is the millions digit of 4854786465?
4
What is the hundred thousands digit of 776148499?
1
What is the tens digit of 725939033?
3
What is the ten thousands digit of 2226440259?
4
What is the ten thousands digit of 124610131?
1
What is the units digit of 2805374713?
3
What is the thousands digit of 99821876?
1
What is the ten millions digit of 13435837?
1
What is the hundreds digit of 583931077?
0
What is the thousands digit of 179957492?
7
What is the millions digit of 1502896179?
2
What is the tens digit of 223754264?
6
What is the hundred thousands digit of 152812376?
8
What is the ten millions digit of 66238647?
6
What is the thousands digit of 576636603?
6
What is the hundred thousands digit of 155278161?
2
What is the hundreds digit of 55115158?
1
What is the thousands digit of 2485968384?
8
What is the millions digit of 8543583564?
3
What is the ten millions digit of 3442119626?
4
What is the hundreds digit of 110617548?
5
What is the millions digit of 1446604474?
6
What is the hundred thousands digit of 6442083017?
0
What is the hundred millions digit of 196269988?
1
What is the tens digit of 428248718?
1
What is the hundred thousands digit of 485701416?
7
What is the millions digit of 413200090?
3
What is the ten millions digit of 1111245583?
1
What is the tens digit of 390285229?
2
What is the hundred thousands digit of 802383605?
3
What is the units digit of 149747555?
5
What is the thousands digit of 8696545233?
5
What is the millions digit of 20996423?
0
What is the millions digit of 108727374?
8
What is the tens digit of 589078518?
1
What is the ten thousands digit of 109791716?
9
What is the millions digit of 41379847?
1
What is the tens digit of 125942897?
9
What is the thousands digit of 38603047?
3
What is the units digit of 147176738?
8
What is the tens digit of 24886315?
1
What is the units digit of 31491455?
5
What is the thousands digit of 86604868?
4
What is the units digit of 120885428?
8
What is the hundreds digit of 3123118?
1
What is the hundred thousands digit of 11242319?
2
What is the billions digit of 1412294522?
1
What is the tens digit of 66472021?
2
What is the billions digit of 1082025690?
1
What is the thousands digit of 63555671?
5
What is the hundred millions digit of 379623373?
3
What is the hundred millions digit of 8164921755?
1
What is the thousands digit of 50103135?
3
What is the hundred thousands digit of 7258802773?
8
What is the millions digit of 108569570?
8
What is the hundreds digit of 55891199?
1
What is the ten thousands digit of 486791502?
9
What is the millions digit of 138293819?
8
What is the hundred thousands digit of 487960961?
9
What is the millions digit of 92636335?
2
What is the ten millions digit of 188844900?
8
What is the tens digit of 226437591?
9
What is the ten thousands digit of 65830373?
3
What is the ten millions digit of 37403143?
3
What is the thousands digit of 14018218?
8
What is the ten millions digit of 82034629?
8
What is the ten millions digit of 26508881?
2
What is the thousands digit of 13108845?
8
What is the thousands digit of 23180279?
0
What is the ten thousands digit of 39683844?
8
What is the millions digit of 78273516?
8
What is the millions digit of 4779994645?
9
What is the ten millions digit of 87002519?
8
What is the units digit of 1585419469?
9
What is the thousands digit of 625232761?
2
What is the hundred thousands digit of 23722667?
7
What is the units digit of 175664255?
5
What is the tens digit of 8962233005?
0
What is the millions digit of 230870752?
0
What is the tens digit of 502552576?
7
What is the hundreds digit of 46391515?
5
What is the ten thousands digit of 2812795699?
9
What is the ten thousands digit of 167674113?
7
What is the millions digit of 42117303?
2
What is the units digit of 469062424?
4
What is the tens digit of 1282105894?
9
What is the ten thousands digit of 83543328?
4
What is the hundred thousands digit of 93325651?
3
What is the hundred thousands digit of 46350420?
3
What is the hundred thousands digit of 704413795?
4
What is the ten thousands digit of 267338437?
3
What is the hundred thousands digit of 1683692522?
6
What is the tens digit of 76296763?
6
What is the tens digit of 610599934?
3
What is the ten thousands digit of 51614240?
1
What is the hundred millions digit of 8907987289?
9
What is the ten millions digit of 1674078129?
7
What is the ten thousands digit of 5784979006?
7
What is the ten thousands digit of 28059273?
5
What is the thousands digit of 25599763?
9
What is the hundreds digit of 607540721?
7
What is the thousands digit of 825166830?
6
What is the thousands digit of 638973373?
3
What is the tens digit of 9337958?
5
What is the thousands digit of 710445883?
5
What is the tens digit of 1679681971?
7
What is the ten thousands digit of 50280967?
8
What is the thousands digit of 67806297?
6
What is the tens digit of 47594426?
2
What is the hundreds digit of 120216648?
6
What is the ten millions digit of 38750433?
3
What is the units digit of 17946986?
6
What is the ten thousands digit of 9023186?
2
What is the ten thousands digit of 7473155358?
5
What is the millions digit of 1322301904?
2
What is the millions digit of 33918684?
3
What is the billions digit of 1020681809?
1
What is the tens digit of 111953181?
8
What is the units digit of 287242770?
0
What is the millions digit of 672908480?
2
What is the thousands digit of 812091751?
1
What is the hundred millions digit of 4505263560?
5
What is the hundreds digit of 83676194?
1
What is the ten millions digit of 91594088?
9
What is the ten millions digit of 240123962?
4
What is the hundreds digit of 126405502?
5
What is the ten millions digit of 1069897513?
6
What is the hundred thousands digit of 89042365?
0
What is the units digit of 68661097?
7
What is the millions digit of 101133535?
1
What is the billions digit of 1345781686?
1
What is the ten thousands digit of 437113764?
1
What is the hundreds digit of 109779994?
9
What is the hundred millions digit of 3464777881?
4
What is the tens digit of 253936708?
0
What is the units digit of 142131100?
0
What is the ten millions digit of 991558138?
9
What is the thousands digit of 286877891?
7
What is the units digit of 17034193?
3
What is the hundred thousands digit of 2006022497?
0
What is the billions digit of 3208645336?
3
What is the tens digit of 92214470?
7
What is the hundred thousands digit of 92283479?
2
What is the ten millions digit of 3650412360?
5
What is the tens digit of 138738481?
8
What is the hundred thousands digit of 3867471796?
4
What is the hundreds digit of 108718231?
2
What is the millions digit of 4664849561?
4
What is the units digit of 30850826?
6
What is the units digit of 118974975?
5
What is the ten thousands digit of 3720469543?
6
What is the tens digit of 5344239393?
9
What is the thousands digit of 2103868761?
8
What is the hundred thousands digit of 169722840?
7
What is the tens digit of 53711500?
0
What is the ten thousands digit of 473961315?
6
What is the hundred millions digit of 107975519?
1
What is the hundreds digit of 585067444?
4
What is the units digit of 192649834?
4
What is the millions digit of 270863525?
0
What is the hundred millions digit of 3410239942?
4
What is the tens digit of 10580040?
4
What is the ten millions digit of 41679508?
4
What is the tens digit of 9289574?
7
What is the millions digit of 25403